n 967665 is divided by 737.
721
Calculate the remainder when 394858 is divided by 2571.
1495
Calculate the remainder when 316626 is divided by 158265.
96
What is the remainder when 190369 is divided by 7603?
294
What is the remainder when 4884728 is divided by 181?
81
Calculate the remainder when 142032 is divided by 1008.
912
What is the remainder when 1372700517 is divided by 329?
328
What is the remainder when 637383 is divided by 5122?
2255
What is the remainder when 4221578 is divided by 47433?
41
What is the remainder when 29781 is divided by 745?
726
What is the remainder when 842060 is divided by 635?
50
What is the remainder when 11178814 is divided by 1482?
88
What is the remainder when 5704028 is divided by 48?
44
What is the remainder when 342479 is divided by 1036?
599
Calculate the remainder when 6621 is divided by 6474.
147
Calculate the remainder when 11737778 is divided by 47.
45
Calculate the remainder when 93334 is divided by 374.
208
Calculate the remainder when 3236287 is divided by 215740.
187
What is the remainder when 172427973 is divided by 57475989?
6
Calculate the remainder when 8234857 is divided by 49.
15
What is the remainder when 97619551 is divided by 51?
43
Calculate the remainder when 13254724 is divided by 174.
100
Calculate the remainder when 19580 is divided by 508.
276
Calculate the remainder when 10204622 is divided by 46810.
42
What is the remainder when 1473199 is divided by 22321?
13
What is the remainder when 10555329 is divided by 371?
8
What is the remainder when 52508 is divided by 639?
110
Calculate the remainder when 7899 is divided by 4805.
3094
What is the remainder when 3060722 is divided by 1530093?
536
What is the remainder when 5657868 is divided by 807?
798
Calculate the remainder when 26190745 is divided by 10.
5
Calculate the remainder when 216391 is divided by 108185.
21
Calculate the remainder when 12710934 is divided by 325921.
15
Calculate the remainder when 465411 is divided by 642.
603
What is the remainder when 5734551 is divided by 634?
21
Calculate the remainder when 4489639 is divided by 377.
323
Calculate the remainder when 8662839 is divided by 45.
24
Calculate the remainder when 639769814 is divided by 45.
44
Calculate the remainder when 130148 is divided by 68.
64
Calculate the remainder when 985161 is divided by 985148.
13
Calculate the remainder when 7290862 is divided by 42.
40
What is the remainder when 279153 is divided by 1310?
123
What is the remainder when 5371506 is divided by 56?
42
Calculate the remainder when 105913 is divided by 5840.
793
Calculate the remainder when 45519 is divided by 1841.
1335
Calculate the remainder when 4884912 is divided by 179.
2
What is the remainder when 477551 is divided by 53042?
173
What is the remainder when 5630437 is divided by 135?
127
Calculate the remainder when 170706356 is divided by 38.
20
Calculate the remainder when 526199 is divided by 74.
59
What is the remainder when 24255413 is divided by 64?
53
Calculate the remainder when 230827 is divided by 46042.
617
What is the remainder when 17735426 is divided by 3483?
3473
Calculate the remainder when 655118 is divided by 948.
50
What is the remainder when 73367725 is divided by 6563?
6511
Calculate the remainder when 48382 is divided by 797.
562
What is the remainder when 14118464 is divided by 273?
269
What is the remainder when 3158525 is divided by 884?
877
Calculate the remainder when 9126811 is divided by 16.
11
What is the remainder when 19247405 is divided by 13670?
45
What is the remainder when 5280436 is divided by 528041?
26
Calculate the remainder when 92361677 is divided by 9605.
9602
Calculate the remainder when 249101366 is divided by 119.
94
Calculate the remainder when 7350098 is divided by 2570.
2468
Calculate the remainder when 3248438 is divided by 54.
14
Calculate the remainder when 34757832 is divided by 3737.
3732
Calculate the remainder when 157544 is divided by 400.
344
What is the remainder when 23303440 is divided by 72?
64
What is the remainder when 74986 is divided by 352?
10
Calculate the remainder when 412819545 is divided by 27.
21
What is the remainder when 15553840 is divided by 45?
40
Calculate the remainder when 311534 is divided by 4867.
46
What is the remainder when 5726643 is divided by 818073?
132
What is the remainder when 785413 is divided by 2798?
1973
Calculate the remainder when 147449085 is divided by 28.
21
Calculate the remainder when 1256547 is divided by 105.
12
What is the remainder when 4767531 is divided by 1191881?
7
Calculate the remainder when 875446 is divided by 218860.
6
What is the remainder when 684061 is divided by 264?
37
What is the remainder when 34744096 is divided by 1930227?
10
What is the remainder when 4739866 is divided by 1409?
1399
What is the remainder when 245733 is divided by 524?
501
Calculate the remainder when 13977 is divided by 1302.
957
What is the remainder when 697763659 is divided by 468?
463
What is the remainder when 57636446 is divided by 101?
89
Calculate the remainder when 13169140 is divided by 107066.
22
What is the remainder when 101016 is divided by 436?
300
What is the remainder when 8883226 is divided by 4441612?
2
Calculate the remainder when 4516530 is divided by 203.
186
What is the remainder when 17831846 is divided by 8915911?
24
What is the remainder when 14252987 is divided by 1602?
1595
Calculate the remainder when 264159 is divided by 264122.
37
What is the remainder when 113264 is divided by 332?
52
What is the remainder when 3912747 is divided by 42997?
20
What is the remainder when 595197 is divided by 205?
82
What is the remainder when 1416126 is divided by 2?
0
Calculate the remainder when 3398238 is divided by 20.
18
What is the remainder when 3027 is divided by 1502?
23
Calculate the remainder when 74407 is divided by 908.
859
Calculate the remainder when 904373 is divided by 113045.
13
What is the remainder when 69365 is divided by 32278?
4809
Calculate the remainder when 1831179 is divided by 155.
9
What is the remainder when 26635 is divided by 1?
0
What is the remainder when 1392761 is divided by 3651?
1730
What is the remainder when 231871 is divided by 77137?
460
What is the remainder when 400043 is divided by 61?
5
Calculate the remainder when 6558198 is divided by 91085.
78
What is the remainder when 157121185 is divided by 1013685?
10
Calculate the remainder when 1014458 is divided by 7514.
68
Calculate the remainder when 193158 is divided by 13792.
70
What is the remainder when 41740897 is divided by 3272?
3265
Calculate the remainder when 83051 is divided by 2838.
749
What is the remainder when 2540028 is divided by 13438?
246
What is the remainder when 17394296 is divided by 3850?
3846
Calculate the remainder when 69417619 is divided by 52.
11
What is the remainder when 29506 is divided by 564?
178
Calculate the remainder when 228493 is divided by 7.
6
What is the remainder when 29922345 is divided by 5984466?
15
Calculate the remainder when 213710 is divided by 58.
38
Calculate the remainder when 162966080 is divided by 14139.
14105
Calculate the remainder when 60945 is divided by 20248.
201
Calculate the remainder when 1172786 is divided by 898.
896
What is the remainder when 30314958 is divided by 197?
7
What is the remainder when 250580 is divided by 5515?
2405
What is the remainder when 43410 is divided by 2108?
1250
What is the remainder when 1566985 is divided by 1722?
1687
Calculate the remainder when 7303849 is divided by 28.
21
What is the remainder when 5557468 is divided by 5034?
4966
What is the remainder when 3375852 is divided by 843951?
48
What is the remainder when 400191 is divided by 1220?
31
What is the remainder when 13674261 is divided by 1117?
1064
Calculate the remainder when 13079828 is divided by 827.
823
What is the remainder when 22680 is divided by 14923?
7757
What is the remainder when 1547446 is divided by 73?
65
What is the remainder when 17101138 is divided by 1425091?
46
Calculate the remainder when 751769 is divided by 4728.
17
Calculate the remainder when 179853167 is divided by 89926578.
11
What is the remainder when 1350488 is divided by 276?
20
Calculate the remainder when 3442 is divided by 491.
5
What is the